Let s(o) = -397*o - 6338. Calculate s(-16).
14
Let g(c) = -c**3 - 16*c**2 - 99*c - 496. Give g(-11).
-12
Let u(y) = y**3 + 2*y**2 + 2*y - 21. Give u(6).
279
Let f(i) = -i**3 - 172*i**2 + 701*i - 534. Determine f(-176).
-6
Let s(z) = -z**3 - 4*z**2 - 345*z - 3021. Give s(-8).
-5
Let w(k) = 103*k - 4226. What is w(41)?
-3
Let g(z) = -58*z - 2042. Determine g(-36).
46
Let v(h) = -h**2 + 3415*h + 54895. Calculate v(-16).
-1
Let i(k) = k**3 - 141*k**2 - 302*k + 2285. Calculate i(143).
-3
Let p(m) = m**3 - 13*m**2 - 5*m - 123. Give p(14).
3
Let g(x) = -x**3 + x**2 - 75*x - 379. Give g(-4).
1
Let q(a) = 7*a**2 - 722*a - 2890. Calculate q(107).
-1
Let l(j) = j**3 + 4*j**2 - j - 21. Give l(-3).
-9
Let r(k) = -87*k**2 - 47*k - 6. Calculate r(-1).
-46
Let k(d) = d**3 + 22*d**2 + 123*d + 3. Determine k(-10).
-27
Let a(x) = 10*x**3 + 3*x**2 - 42*x + 128. Calculate a(3).
299
Let i(m) = 11*m**2 + 86*m - 125. Determine i(-13).
616
Let n(o) = 2*o**2 + 684*o - 15248. Calculate n(21).
-2
Let u(k) = 38*k + 1102. What is u(-21)?
304
Let k(c) = 30*c**2 - 256*c + 534. Give k(5).
4
Let t(l) = 2*l**2 + 2064*l + 10268. Determine t(-5).
-2
Let p(q) = 2*q**2 - 44*q - 175. Determine p(26).
33
Let w(h) = 2*h**3 + 70*h**2 + 384*h - 233. Determine w(-28).
-9
Let v(q) = q**2 + 73*q + 1336. Calculate v(-37).
4
Let t(q) = -207*q - 3457. Determine t(-17).
62
Let n(u) = u**2 - 47*u + 226. Calculate n(6).
-20
Let a(q) = 6*q**2 - 100*q - 24. Determine a(17).
10
Let d(j) = 3*j**3 + 45*j**2 + 44*j + 9. Determine d(-14).
-19
Let h(o) = -20*o**2 + 1889*o - 849. Give h(94).
-3
Let s(o) = -5*o**2 - 65*o - 250. Determine s(-8).
-50
Let z(c) = -c**2 + 1071*c - 27158. Calculate z(26).
12
Let t(r) = 311*r + 892. What is t(-3)?
-41
Let r(h) = -h**3 - 7*h**2 + 365*h + 1880. Give r(-5).
5
Let v(u) = -u**3 + 19*u**2 - 57*u - 18. What is v(15)?
27
Let l(h) = -7*h**2 + 179*h - 126. Determine l(25).
-26
Let z(q) = -q**2 - 73*q - 298. Determine z(-70).
-88
Let p(a) = a + 95. What is p(-20)?
75
Let f(g) = -13*g**3 - 5*g**2 - 3*g - 2. Determine f(-3).
313
Let f(i) = 45*i - 4. Give f(-4).
-184
Let p(w) = -9*w**2 - 4*w + 137. What is p(7)?
-332
Let q(v) = -73*v + 92. Calculate q(1).
19
Let w(n) = -8*n**3 - 12*n**2 - 17*n + 96. Determine w(5).
-1289
Let i(t) = t**2 + 20*t - 87. Calculate i(4).
9
Let n(l) = l**3 - 6*l**2 + 122*l - 625. Calculate n(5).
-40
Let v(f) = -2*f**2 + 133*f + 198. Determine v(68).
-6
Let h(l) = 11*l**2 + 220*l + 22. What is h(-19)?
-187
Let y(a) = -a**2 + 53*a - 2. Calculate y(6).
280
Let x(n) = -8*n**2 - 292*n + 290. What is x(1)?
-10
Let k(x) = -x**3 + 30*x**2 - x + 2108. Give k(32).
28
Let g(m) = 12*m**3 + 23*m**2 - 34*m + 2. Give g(2).
122
Let a(o) = 800*o + 5617. Determine a(-7).
17
Let n(l) = 5*l**2 + 84*l + 283. Calculate n(-5).
-12
Let a(g) = -3*g**2 + 176*g + 362. Determine a(-2).
-2
Let l(n) = 117*n - 1160. Give l(10).
10
Let n(b) = -12*b**3 + 2*b**2 + 17*b - 30. Give n(2).
-84
Let g(f) = -13*f**2 - 78*f - 9. Determine g(-6).
-9
Let r(q) = -5*q**3 + 2*q**2 - 23*q - 84. Determine r(0).
-84
Let u(r) = -2*r**2 - 168*r - 752. What is u(-79)?
38
Let u(r) = -9226*r - 83050. What is u(-9)?
-16
Let b(i) = 2*i**3 - 33*i**2 - 303*i + 1342. Calculate b(22).
0
Let r(w) = -w**2 + 114*w + 48. Give r(0).
48
Let y(o) = 2*o**3 - 177*o**2 + 109*o - 1846. Give y(88).
2
Let f(m) = 8*m**2 + 653*m + 1648. Give f(-79).
-11
Let h(x) = 2*x**3 - 3*x**2 - 481*x + 7. Determine h(0).
7
Let t(a) = -a**3 - 10*a**2 + 64*a - 70. Give t(3).
5
Let b(k) = -978*k + 957. Calculate b(1).
-21
Let g(p) = -p**3 - 5*p**2 + 90*p - 48. Calculate g(7).
-6
Let w(r) = 4*r**2 - 21*r - 131. What is w(9)?
4
Let b(f) = f**3 + 3*f**2 - 10*f + 8. Determine b(3).
32
Let g(q) = 7*q**3 + 36*q**2 - 16*q - 95. Calculate g(-5).
10
Let p(q) = q**3 - 5*q**2 + 21*q - 9. What is p(3)?
36
Let r(g) = -g**2 - 129*g - 4009. Determine r(-77).
-5
Let w(q) = -4*q**2 + 77*q - 752. Determine w(10).
-382
Let o(d) = -881*d - 1774. What is o(-2)?
-12
Let h(w) = w**2 + 810*w - 45733. Calculate h(53).
6
Let j(d) = -8*d - 253. What is j(-15)?
-133
Let l(d) = 3834*d - 23016. Calculate l(6).
-12
Let p(k) = k**3 - 40*k**2 - 130*k + 50. Calculate p(43).
7
Let q(h) = 64*h - 152. Calculate q(4).
104
Let i(q) = q**3 - 8*q**2 - 2*q + 14. Calculate i(8).
-2
Let x(z) = -196*z + 2946. Give x(15).
6
Let b(t) = 79*t - 9650. Calculate b(122).
-12
Let m(k) = 3*k**2 + 23*k + 49. Give m(-4).
5
Let q(s) = -18*s**2 - 28*s - 25. Determine q(-5).
-335
Let a(y) = 7*y - 236. Determine a(32).
-12
Let b(a) = -310*a + 22019. What is b(71)?
9
Let s(r) = -3*r**3 + 12*r**2 - 12*r + 6. Determine s(4).
-42
Let i(y) = 47*y - 248. Determine i(6).
34
Let k(l) = 2*l**2 + 5*l - 8. Calculate k(7).
125
Let b(k) = -317*k**2 + 946*k + 9. Determine b(3).
-6
Let m(i) = 815*i + 17081. Determine m(-21).
-34
Let y(p) = -4*p**2 - 36*p + 16. What is y(-9)?
16
Let o(s) = -8*s - 242. Determine o(-35).
38
Let z(x) = -x**3 - 30*x**2 - 4*x - 90. Determine z(-30).
30
Let u(y) = -y**2 - 275*y + 14407. Determine u(45).
7
Let c(h) = -3*h**3 - 81*h**2 + 84*h + 11. Calculate c(-28).
11
Let f(g) = -52*g - 3059. Give f(-59).
9
Let x(c) = -c**3 - 4*c**2 - 6*c. What is x(-7)?
189
Let w(h) = -h**2 - 34*h - 321. Give w(-37).
-432
Let h(p) = -p**3 - 23*p**2 - 68*p - 1011. Calculate h(-22).
1
Let g(v) = 2*v**3 - 14*v**2 + 693*v - 5678. What is g(8)?
-6
Let u(h) = 6*h + 28. What is u(11)?
94
Let b(v) = -113*v - 729. Give b(-7).
62
Let p(j) = 2*j**2 + 103*j + 1336. Calculate p(-22).
38
Let b(t) = 137*t - 18. What is b(2)?
256
Let j(t) = t**3 - 20*t**2 + 119*t - 183. Give j(10).
7
Let k(q) = -q**2 + 200*q + 4153. Calculate k(-19).
-8
Let k(x) = -4*x + 32. What is k(-13)?
84
Let p(f) = -f**3 + 2*f**2 + 16*f + 10. What is p(6)?
-38
Let w(r) = -370*r - 408. Determine w(-3).
702
Let n(c) = -4*c**2 + 36*c + 235. Give n(14).
-45
Let q(l) = 3*l**3 - 79*l**2 + 17*l + 243. Give q(26).
9
Let j(d) = -19*d - 180. What is j(-8)?
-28
Let v(n) = n**3 - 95*n**2 + 12*n + 7684. Give v(94).
-24
Let m(a) = 1310*a + 81221. Calculate m(-62).
1
Let m(a) = -48*a - 2635. Determine m(-55).
5
Let i(f) = -f**3 + 5*f**2 - 7*f + 18. Determine i(3).
15
Let x(h) = -h**2 + 30*h + 5. What is x(30)?
5
Let u(y) = -y**3 + 32*y**2 - 156*y - 23. Give u(26).
-23
Let t(s) = s**3 + 8*s**2 + 21*s + 56. Calculate t(-6).
2
Let r(d) = -d**3 + 10*d**2 - 18*d + 2. Calculate r(8).
-14
Let z(u) = -u**2 + 16*u - 64. Determine z(-10).
-324
Let p(x) = -8*x**2 + 41*x + 2. Determine p(8).
-182
Let t(v) = 336*v**2 + 2435*v. Determine t(-7).
-581
Let i(k) = k**3 - 10*k**2 - 49*k + 496. Determine i(10).
6
Let v(p) = -121*p**3 - 5*p**2 - 22*p + 26. Calculate v(1).
-122
Let d(m) = -m**3 + 22*m**2 + 5*m - 100. Give d(22).
10
Let h(x) = 3*x**2 - 28*x + 16. Calculate h(8).
-16
Let u(m) = 3*m**2 + m + 56. Give u(0).
56
Let v(d) = d**3 + 13*d**2 + 41*d - 4. Calculate v(-8).
-12
Let s(d) = -15*d**2 - 3*d + 31. What is s(4)?
-221
Let q(d) = -27*d - 352. Calculate q(-7).
-163
Let w(b) = -2*b**2 + 111*b + 277. Determine w(57).
106
Let z(s) = -12*s - 273. What is z(-44)?
255
Let g(t) = 6*t**2 - 205*t + 88. Determine g(33).
-143
Let n(t) = 45*t + 153. Determine n(-4).
-27
Let i(j) = 249*j - 229. Calculate i(2).
269
Let p(q) = -12*q**2 + 21*q - 28. Give p(2).
-34
Let w(y) = 220*y - 2625. Determine w(12).
15
Let s(u) = -u**3 + 16*u**2 + 326*u - 2529. Give s(25).
-4
Let g(a) = 8*a**3 - 46*a**2 - 10*a - 17. Give g(6).
-5
Let z(c) = 11*c**3 + 7*c**2 - 14*c - 37. What is z(-3)?
-229
Let z(r) = -2*r**2 + 37*r - 9. What is z(15)?
96
Let m(c) = -c**2 - 59*c - 248. What is m(-41)?
490
Let y(m) = -m**2 - m + 27. What is y(6)?
-15
Let l(p) = p**3 + 86*p**2 + 949*p + 20. Determine l(-73).
20
Let a(d) = -19*d**3 - 569*d**2 + 26*d - 134. Calculate a(-30).
-14
Let a(r) = r**3 - 31*r**2 - 98*r + 1065. What is a(33)?
9
Let y(b) = -5*b**3 + 365*b**2 - 710*b - 17. Determine y(71).
-17
Let n(m) = 21*m**3 + 165*m**2 - 23*m + 16. Calculate n(-8).
8
Let w(z) = z**3 - 7*z**2 - 93*z - 1316. Give w(17).
-7
Let o(r) = -122*r**3 + r**2 + 7*r + 7. What is o(-1)?
123
Let z(s) = -s**3 - 22*s**2 - 38*s + 48. Determine z(-20).
8
Let i(q) = q**2 + 726*q + 20202. Determine i(-29).
-11
Let t(p) = 2*p**2 + 18*p + 78. Calculate t(6).
258
Let j(w) = w**2 + 27*w + 188. Calculate j(-16).
12
Let l(z) = 15*z**2 - 9*z - 70. 